{"id":4901,"date":"2019-05-15T11:45:09","date_gmt":"2019-05-15T08:45:09","guid":{"rendered":"https:\/\/www.bilisimonline.net\/?page_id=4901"},"modified":"2019-05-15T11:47:16","modified_gmt":"2019-05-15T08:47:16","slug":"yazarlik","status":"publish","type":"page","link":"http:\/\/www.bilisimonline.net\/index.php\/yazarlik\/","title":{"rendered":"Yazarl\u0131k"},"content":{"rendered":"\n<h3 class=\"wp-block-heading\">Siz de yazar olmak ister misiniz?<\/h3>\n\n\n\n<p>Sizlerden gelen \u201cyazarl\u0131k\u201d istekleri i\u00e7in ne yapabiliriz diye yola \u00e7\u0131kt\u0131k.<\/p>\n\n\n\n<p>Sitemizde Bili\u015fim, Teknoloji, Bilgisayar, Sosyal Medya, E\u011fitim\/\u00d6\u011fretim, Ak\u0131ll\u0131 Telefon, Bilgisayar, Donan\u0131m, Yaz\u0131l\u0131m, Web tasar\u0131m, i\u015fletim sistemleri, sanalla\u015ft\u0131rma,  bilim vb. alanlarda yaz\u0131 yazmak istiyorsan\u0131z.  <\/p>\n\n\n\n<p><strong>Siz de yazar olmak istiyorsan\u0131z<\/strong><\/p>\n\n\n\n<p><a href=\"mailto:bilisimonline.net@gmail.com\">kurumsal@bilisimonline.n<\/a><a href=\"mailto:kurumsal@bilisimonline.net%EF%BB%BF\">et<\/a> e-posta adresine uzmanl\u0131k alan\u0131n\u0131z ve k\u0131sa bilgilerinizin bulundu\u011fu bir e-posta ile veya <a href=\"https:\/\/www.bilisimonline.net\/index.php\/iletisim\/\">ileti\u015fim<\/a> sayfas\u0131nda formu doldurarak ula\u015fman\u0131z yeterli olacakt\u0131r.<\/p>\n","protected":false},"excerpt":{"rendered":"<p>Siz de yazar olmak ister misiniz? Sizlerden gelen \u201cyazarl\u0131k\u201d istekleri i\u00e7in ne yapabiliriz diye yola \u00e7\u0131kt\u0131k. Sitemizde Bili\u015fim, Teknoloji, Bilgisayar, Sosyal Medya, E\u011fitim\/\u00d6\u011fretim, Ak\u0131ll\u0131 Telefon, Bilgisayar, Donan\u0131m, Yaz\u0131l\u0131m, Web tasar\u0131m, i\u015fletim sistemleri, sanalla\u015ft\u0131rma, bilim vb. alanlarda yaz\u0131 yazmak istiyorsan\u0131z. Siz de yazar olmak istiyorsan\u0131z kurumsal@bilisimonline.net e-posta adresine uzmanl\u0131k alan\u0131n\u0131z ve k\u0131sa bilgilerinizin bulundu\u011fu bir e-posta &#8230;<\/p>\n","protected":false},"author":1,"featured_media":3940,"parent":0,"menu_order":0,"comment_status":"closed","ping_status":"closed","template":"","meta":{"jetpack_post_was_ever_published":false,"footnotes":""},"class_list":["post-4901","page","type-page","status-publish","has-post-thumbnail","hentry"],"aioseo_notices":[],"jetpack_sharing_enabled":true,"jetpack_shortlink":"https:\/\/wp.me\/P7k56R-1h3","jetpack-related-posts":[],"_links":{"self":[{"href":"http:\/\/www.bilisimonline.net\/index.php\/wp-json\/wp\/v2\/pages\/4901"}],"collection":[{"href":"http:\/\/www.bilisimonline.net\/index.php\/wp-json\/wp\/v2\/pages"}],"about":[{"href":"http:\/\/www.bilisimonline.net\/index.php\/wp-json\/wp\/v2\/types\/page"}],"author":[{"embeddable":true,"href":"http:\/\/www.bilisimonline.net\/index.php\/wp-json\/wp\/v2\/users\/1"}],"replies":[{"embeddable":true,"href":"http:\/\/www.bilisimonline.net\/index.php\/wp-json\/wp\/v2\/comments?post=4901"}],"version-history":[{"count":2,"href":"http:\/\/www.bilisimonline.net\/index.php\/wp-json\/wp\/v2\/pages\/4901\/revisions"}],"predecessor-version":[{"id":4904,"href":"http:\/\/www.bilisimonline.net\/index.php\/wp-json\/wp\/v2\/pages\/4901\/revisions\/4904"}],"wp:featuredmedia":[{"embeddable":true,"href":"http:\/\/www.bilisimonline.net\/index.php\/wp-json\/wp\/v2\/media\/3940"}],"wp:attachment":[{"href":"http:\/\/www.bilisimonline.net\/index.php\/wp-json\/wp\/v2\/media?parent=4901"}],"curies":[{"name":"wp","href":"https:\/\/api.w.org\/{rel}","templated":true}]}}